 is the remainder when f is divided by 68?
65
Suppose -k = 3*o - 623, -o = 2*k - 141 - 65. Calculate the remainder when o is divided by 35.
33
Let d(c) be the first derivative of 4*c**3/3 + 4*c**2 + 2*c + 3. What is the remainder when 53 is divided by d(-3)?
11
Let a(v) = -13*v - 6. Calculate the remainder when a(-6) is divided by ((-510)/(-20) - 7)*2.
35
What is the remainder when 77*(-2 - (-5 + 2)) is divided by -4*(-1 - -2)*-4?
13
Suppose 0 = -5*x + k + 107, k = -5*x - 0*k + 113. Let s = 49 - x. What is the remainder when 79 is divided by s?
25
Let l = -7 + 53. Let q be (4 - (0 + 2)) + -2. Suppose -l = -q*u - 2*u. What is the remainder when 68 is divided by u?
22
Let u(g) be the second derivative of -1/12*g**4 + 1/2*g**3 - 6*g + 1/20*g**5 - 1/2*g**2 + 0. Calculate the remainder when u(2) is divided by 5.
4
Let h = -30 - -27. What is the remainder when 89 is divided by ((-110)/15 + -3)*h?
27
Suppose d + 2005 = 2*q, -d + 2306 = 4*q - 1689. Suppose q = 19*h - 11*h. Calculate the remainder when h is divided by 9.
8
Let v be 66/8 - (-5)/(-20). Let n = v + -1. Suppose 2*x + 2*l - n*l = -1, -x + 22 = 2*l. What is the remainder when 44 is divided by x?
8
Let h(n) = n**2 - 7*n + 15. Let v = 2 - -10. Let s = v + -6. What is the remainder when h(s) is divided by 6?
3
Let l = 37 + -7. What is the remainder when 179 is divided by l?
29
Let p(d) = -4*d - 6. Let j be p(-4). Suppose 0 = -3*z + 12, 2*l - 5*z = l. What is the remainder when 764/20 - 2/j is divided by l?
18
Let x(z) = z**3 + 5*z**2 - 2*z - 1. Let m(u) = 3*u**2 - 13*u + 28. What is the remainder when m(4) is divided by x(-5)?
6
Let w be 2/(1/1) + (-147)/(-7). Let x(q) = -q + 53. Calculate the remainder when x(w) is divided by 13.
4
Suppose -5*d = -4*r - 612, 3*d - 2*r = 519 - 153. Calculate the remainder when d is divided by 22.
10
Suppose -4*u + 51 = -29. What is the remainder when 118 is divided by u?
18
Suppose 4*t + 5*g - 481 = 0, 2*g - 25 = -t + 99. Calculate the remainder when t is divided by 2.
0
Suppose 2*u = -2*u - 4*i + 28, 0 = -4*u - 3*i + 24. Suppose u*d - 85 = 8. What is the remainder when d is divided by 11?
9
Let k = -1597 - -1607. Let y(h) = h**2 + 2*h + 3. What is the remainder when y(-6) is divided by k?
7
What is the remainder when 14 is divided by 2/25 + ((-392)/50)/(-2)?
2
Let o(v) = -2*v + 12. Let l be o(8). Calculate the remainder when -1 - (-3 + (l - 63)) is divided by 18.
15
Suppose 5 = -x + 18. Suppose -7*v + 245 = -2*v. What is the remainder when v is divided by x?
10
Let o = -71 + 72. What is the remainder when 12*((-14)/8)/(-1) is divided by ((-13)/(-2))/((-3)/(o - 7))?
8
Let n(f) = -2*f - 6. Let x be n(-3). Suppose 32*c = 36*c - 96. What is the remainder when c is divided by 5/5*(x + 7)?
3
Suppose -j = -1 - 3. Suppose 0 = -2*p - 2, j*p + 0 = -3*g + 5. Calculate the remainder when (-2)/(-1)*(-6)/(-4) is divided by g.
0
What is the remainder when 79 is divided by (28/(-3))/(40/(-60)) - -2?
15
Let l(c) = 6*c - 6. What is the remainder when 297 is divided by l(3)?
9
Let w be (-4)/(-26) + 72/39. Suppose 193 = 3*s - w*j, -s = -2*s - j + 61. Suppose 4*z - 65 = s. What is the remainder when z is divided by 17?
15
What is the remainder when ((-7812)/(-336))/(1/8) is divided by 44?
10
Let u(f) = 1. Let i(o) = -3*o - 18. Let c(w) = i(w) - 3*u(w). Suppose 0 = 13*l + 110 + 33. What is the remainder when c(l) is divided by 8?
4
Suppose 4*i = i + 48. Let p be (((-8)/3)/(-2))/(6/27). Let v = i + p. What is the remainder when v is divided by 12?
10
Let w = 19 - 9. What is the remainder when -1 + -6 + 50 + -5 is divided by w?
8
Let x = 70 + -4. Suppose 4*j - 3*z - 16 - 9 = 0, 3*z = 15. What is the remainder when x is divided by j?
6
Let r = 478 + -352. Calculate the remainder when r is divided by 37.
15
Suppose -56 = -3*s - 5*w, 0 = 3*s + 4*w - 28 - 24. What is the remainder when s is divided by (-7)/14 - 22/(-4)?
2
Let z(a) = 2*a - 1. Let s be z(-3). Let r(h) = -8*h + 31. Calculate the remainder when r(s) is divided by 18.
15
Suppose -5*n + 4*z + 400 = 0, 101 = n - 4*z - z. What is the remainder when n is divided by (-18)/45*-20 + 4 + 1?
11
Suppose l - 2*w - 56 = 0, -5*w = -0*l - 2*l + 110. Let f(y) = -100*y + 821. What is the remainder when l is divided by f(8)?
18
What is the remainder when 211 is divided by (-46)/161 + 466/14?
13
What is the remainder when 1605/18 - (1 + 5/(-6)) is divided by ((-744)/(-30) - 2) + (-1)/(-5)?
20
Suppose 11 = 4*c + 3. Suppose 5*l - 7 = z + 3, -4*l = -c*z - 26. Let g = z + 35. What is the remainder when 39 is divided by g?
19
Let c(o) = o**2 - 26*o + 39. Suppose 9*a = 11*a - 100. What is the remainder when a is divided by c(25)?
8
Suppose 3*h + 41 - 620 = -2*t, 2*h + 888 = 3*t. Suppose 318 + t = 4*p. What is the remainder when p is divided by 39?
36
Let g(y) = y**3 - 18*y**2 - 18*y - 15. Let f be -3 - (240/(-11) - (-6)/(-33)). What is the remainder when g(f) is divided by 3/(-15) - (-32)/10?
1
Suppose 0 = -5*m + 3*n + 76, -3*m + n - 40 = -6*m. Suppose 0 = -10*p + 7*p, 4*p - 265 = -5*b. What is the remainder when b is divided by m?
11
Suppose 5*j = s + 688, 3*j + 146 = 2*s + 556. What is the remainder when j is divided by 43?
9
Let q = 30 - -2. Let x = 6 + 0. What is the remainder when x is divided by q/12*6/4?
2
Let m = 73 + -44. Suppose -5*l - 34 = -3*q, 4*q - 42 + 15 = 3*l. Calculate the remainder when m is divided by 4/(q/((-60)/(-8))).
9
Suppose 3*l = -3 - 3. Let j be 611/26 + 3/l. Let b = j - 12. Calculate the remainder when 28 is divided by b.
8
Suppose -33 = 11*l - 8*l. Let u(k) = -k**3 - 11*k**2 - 6*k - 24. What is the remainder when u(l) is divided by 24?
18
Calculate the remainder when 41 is divided by ((-3360)/75 - 4/(-5))/(-2).
19
Let v(g) = -g**2 - 7*g + 1. Let q be (18/3)/3 + 0. Calculate the remainder when (1 - q)*-40 - -1 is divided by v(-5).
8
Let q = 49 + 135. Suppose 2*v - 29 = -b - 0*b, 0 = 5*b - 3*v - q. What is the remainder when b is divided by 18?
17
Let g(c) = -c + 62. Calculate the remainder when 240 is divided by g(0).
54
Suppose -j = -2*j + 2. Suppose -3*d = -d - 34. Calculate the remainder when d is divided by 7 + 0 - j/1.
2
Let r(m) = 1 + 2*m**3 + 3*m**2 - 7 + m - m**3. Calculate the remainder when r(4) is divided by 4/20 - 368/(-10).
36
Calculate the remainder when 6/(-12) + (-1587)/(-6) is divided by 125.
14
Suppose 93 = v - j, 218 = 2*v + j + 26. Calculate the remainder when v is divided by 26.
17
Let w(t) be the third derivative of -t**4/6 - 25*t**3/6 - 7*t**2. Calculate the remainder when 34 is divided by w(-11).
15
Let l(d) = -d**3 + 13*d**2 - 17*d + 1. Let g be l(12). Let i = -53 - g. Calculate the remainder when 12 is divided by i.
0
Suppose -7*g + 5*h + 55 = -2*g, g - 16 = 2*h. Calculate the remainder when 51 is divided by g.
3
What is the remainder when 23 is divided by (-3 + 4)*(21 + -5)/4?
3
What is the remainder when 179 is divided by (-14)/(-21)*(47 + -2)?
29
What is the remainder when -21*(-66)/(-42)*-4 is divided by 131?
1
Let m = 1385 + -1366. What is the remainder when 62 is divided by m?
5
Suppose -2*o = -32 - 20. Let f = o - 9. What is the remainder when f is divided by 9?
8
Let c(g) = -g**3 - 13*g**2 + g + 17. What is the remainder when 43 is divided by c(-13)?
3
Let q(r) = r**3 + 8*r**2 + 6*r + 6. Let m = -51 - -114. Calculate the remainder when m is divided by q(-7).
11
Suppose -798 = -4*d + 5*k, -4*k - 146 - 847 = -5*d. Suppose -42 + d = 5*a. What is the remainder when 91 is divided by a?
29
Suppose 38*v = 51*v - 1547. Calculate the remainder when v is divided by 30.
29
Let w(u) = -2*u**3 + 6*u**2 + 3*u + 3. Let p = -52 - -75. Suppose -2*v = -v - p. What is the remainder when v is divided by w(3)?
11
Let p be (-1 - (-3)/(-6))*40/(-6). Suppose 0*q = 2*d - 4*q - 14, q = -d + p. What is the remainder when d is divided by 5?
4
Let n(d) = d**3 + 17*d**2 + 3*d + 1. Calculate the remainder when n(-13) is divided by 38.
30
Calculate the remainder when 6 + 426/21 - (-2)/(-7) is divided by 5.
1
Suppose -4*l - 7 = 5*f - 247, -4*l + 4*f + 240 = 0. What is the remainder when l is divided by 13?
8
Suppose 11*a - 1145 = -111. Calculate the remainder when 304 is divided by a.
22
Let n = -647 - -685. What is the remainder when 567 is divided by n?
35
Let g = 5349 + -5316. What is the remainder when g is div